*q + 11*q - 28 = 0. Suppose 0 = q*w - 2*h - 1704, 12*w = 16*w - 5*h - 1698. What is the hundreds digit of w?
4
Suppose 0 = 5*m + 2*j - 5*j + 12780, 0 = -5*m - j - 12800. Let a = -1476 - m. What is the tens digit of a?
8
Suppose 0 = 3*p - 8 - 1, -4*n = 3*p - 28201. What is the units digit of n?
8
Let q(f) be the second derivative of 5*f**3 + 69*f**2/2 + 3*f - 20. What is the tens digit of q(10)?
6
Let x = -26222 + 74350. What is the thousands digit of x?
8
Let t = -586 - -567. What is the units digit of (-164)/1558 - (2 - (-13663)/t)?
7
Suppose 0 = t - 328 - 517. Suppose 10*b = 5*b - t. Let k = b + 300. What is the tens digit of k?
3
Let l = -6 + 11. Let w(q) = 2*q + 0*q - 7*q + l*q**2 - 11. What is the tens digit of w(5)?
8
Let i = 13 + 79. Let o = 97 - i. Suppose 0*z - 197 = -z + 5*n, 671 = 3*z + o*n. What is the tens digit of z?
1
Let l be (17/((-187)/(-132)))/(3/(-40)). Let o = l - -433. What is the hundreds digit of o?
2
Suppose 4*b = 12, -5*z + 3*z + 2409 = -3*b. What is the units digit of z?
9
Let y(c) = c - 7. Suppose -4*k - 4*b - 7 = 5, -20 = 4*b. Let z be y(k). What is the tens digit of (-246)/z + 1/(-5)?
4
Let t(c) = -1332*c + 2057. What is the thousands digit of t(-9)?
4
Suppose -130 = 2*p + 88. Let h = 220 + p. What is the tens digit of h?
1
Suppose -63084 = -6487*j + 6466*j. What is the hundreds digit of j?
0
Suppose -4*z = -2*f - 0*z + 24, -3*f + 5*z = -31. Suppose -f*h - 2 + 10 = 0. What is the tens digit of 14/h*(6 - -20)?
9
Suppose 13*t - 21 = 6*t. Suppose g - 201 = t*k, -4*g + 393 + 466 = -k. Suppose 2*o - 216 = 4*i, 2*i = 2*o - i - g. What is the hundreds digit of o?
1
Let l = 2437 + -2433. Suppose -2*w + 5088 = w. Suppose 12*g - w = l*g. What is the tens digit of g?
1
Suppose -535 + 1819 = 6*y. Suppose 0 = -8*w + 786 + y. What is the units digit of (-16)/(-12) - w/(-3)?
3
Let x(o) = -o**2 - 2*o + 18. Let t be (-82)/(-14) + 17/119. Let n be x(t). Let q = n - -301. What is the units digit of q?
1
Let p = 20967 - 9060. What is the ten thousands digit of p?
1
What is the ten thousands digit of -10 + 0 + 4 + 22416 + 0?
2
Let w(v) = -3*v - 24. Let n = 13 + 39. Let p = n + -64. What is the units digit of w(p)?
2
Let x = -5846 + 5840. Suppose -752 = -5*l - 0*l + y, 4*l + 3*y - 594 = 0. What is the tens digit of ((-2)/(x/(-3)))/((-2)/l)?
7
Suppose 0 = -t - 5*n + 23, -3*t = n - 3*n - 1. Suppose -2*s + 3 = -t*s. What is the tens digit of s - (3 - 4 - 16)?
1
Suppose -3*h + 40 = 2*h + 4*y, -y + 16 = 2*h. Let a = 26 - h. What is the tens digit of -3*-2*75/a?
2
Let t(l) = -l**2 - 17*l + 46. Let m be t(-18). Suppose -4*r = -12, -m*w - 4*r = -27*w - 131. What is the tens digit of w?
1
Suppose -33 = -4*d - 25. Suppose -5*c - 38 = d*i, -36 + 98 = -4*i - 3*c. What is the tens digit of i + 18 + 150/1?
5
Let s be ((-3)/(-2) + -1)/((-1)/186). Let l be ((-7)/21)/((-1)/s). Let a = l - -62. What is the units digit of a?
1
Suppose 2*o + 115370 = -5113*n + 5117*n, -n + 4*o = -28825. What is the tens digit of n?
4
Let d(v) be the first derivative of v**3 - 22*v**2 + 60*v + 49. What is the units digit of d(28)?
0
Let b be (4 + -1 + (3 - -1))*-22. Let h = b + 108. Let i = h - -133. What is the tens digit of i?
8
Let b(l) = -l**3 - 5*l**2 - 3*l + 9. Let a be b(-4). Suppose -1 + 4 = -h, -a*h - 61 = -2*m. Let x = 54 - m. What is the tens digit of x?
3
Suppose -5*n + 2*w = -6*n, 5*n - 60 = 2*w. Let d(o) = 65*o + 57. What is the tens digit of d(n)?
0
Suppose 33186 = -39*h + 69*h - 675894. What is the thousands digit of h?
3
Let w = -927 + 268. Let a = -364 - w. What is the tens digit of a?
9
Suppose -3237908 = -122*y + 6*y. What is the hundreds digit of y?
9
Let d(r) = 137*r + 4503. What is the tens digit of d(33)?
2
Let o(s) = -s + 22. Let q be o(20). Suppose 0 = 4*z - q*v - 60, 2*z + 0*v + 3*v - 14 = 0. Suppose z*u = 10*u + 69. What is the units digit of u?
3
Let j = 273 - 279. Let x(d) be the second derivative of -7*d**3/2 + 41*d**2/2 + 3*d. What is the units digit of x(j)?
7
Let j = 61472 - 31145. What is the thousands digit of j?
0
Let a(h) = -171*h**3 - 434*h**2 - 2566*h - 11. What is the tens digit of a(-6)?
9
Suppose 0 = 2*o + 5*v + 21, 3*o = -7*v + 4*v - 9. Let r be (-5 - (1 + o))/(2/(-36)). Suppose 192 = 4*m + t, t = -5*m + 2*m + r. What is the units digit of m?
8
Let a(t) = -32*t**3 + 13*t**2 + 13*t - 42. What is the thousands digit of a(-13)?
2
Let t(y) = -11*y**2 - 6 + 6*y**2 - 4*y + 6*y**2 - 1. Let k be t(-6). Suppose 2*f - 17 = k. What is the tens digit of f?
3
Let n(v) = v - 43. Let a(y) = 3*y - 128. Let d(l) = -6*a(l) + 17*n(l). Let u be d(9). Suppose 27*t + 188 = u*t. What is the tens digit of t?
8
Let r = -2184 + 2187. Suppose 5*s + 0*h = -3*h - 3905, 5*s + 2*h + 3910 = 0. What is the hundreds digit of s/(-6) + 4/r?
1
What is the thousands digit of (-1722042)/(-154) - 16/176?
1
Let n = -22826 + 34044. What is the hundreds digit of n?
2
Suppose 3*n + 5*p = -8 + 29, -3*p = -2*n + 14. Suppose 0 = 4*l + x - 1456, -2*l - 5*x = -n*x - 718. Let v = l - 204. What is the units digit of v?
9
Let a be ((-48)/7)/(4/(-28)). Suppose 0 = 3*n + n - a. What is the units digit of 175/3 - (-8)/n?
9
Let w = 56523 + -14362. What is the thousands digit of w?
2
What is the hundreds digit of (147 - 155) + 5361/((-2)/(-2))?
3
Suppose 149*d = 8584809 - 1124316 + 1531359. What is the hundreds digit of d?
3
Let h(t) be the third derivative of 11*t**4/3 - 61*t**3/6 + 56*t**2. What is the hundreds digit of h(4)?
2
Let i(m) = 9*m + 137. Let p be i(-15). Let f(o) = o**3 + 10*o**2 + 2*o + 3. Let v be f(-4). Suppose -p*r + v + 149 = 0. What is the tens digit of r?
2
Suppose -4*j + 4895 = -22833. Suppose -4*k + 11*s - 7*s + j = 0, -k = 3*s - 1753. What is the tens digit of k?
3
Let w(c) = c**2 - 14*c + 17. Let j(a) = -a**2 + 15*a - 17. Let q(y) = 3*j(y) + 4*w(y). Suppose -z - 6 = -21. What is the tens digit of q(z)?
7
Suppose -145355 + 27185 = -30*g. What is the hundreds digit of g?
9
Let o be ((-1)/3 - 56/(-42))*-35. Let b be o/(-15) + (-3)/9. Suppose -3*v - 5*r + 110 = -30, -2*r + 92 = b*v. What is the tens digit of v?
4
Suppose 15*k + 11 + 34 = 0. What is the units digit of (-614)/(2 + (-5 - k/3))?
7
Let j = -6 + -14. Let v = j + 26. What is the hundreds digit of (9/v - 2)*(-1926)/9?
1
Let l(r) = 2*r**3 - 36*r**2 + 50*r - 436. What is the hundreds digit of l(27)?
0
Let n(j) = 2*j**2 - 7*j - 6. Let q be n(-1). Suppose -3*w + 4*d - 950 = -5*w, -q*w - 3*d + 1425 = 0. What is the hundreds digit of w?
4
Let t(b) = 2*b + 25. Let k be t(-10). Suppose f + j - k*j - 595 = 0, 0 = -3*f + j + 1796. What is the tens digit of f?
9
Let x = -4730 - -12863. What is the units digit of x?
3
Suppose -46 = -2*q - 36. What is the hundreds digit of 53/((2*-1)/((-30)/q))?
1
Let v = -31 - -31. Suppose v = r - 483 + 29. Suppose -2*f = -4*a + r, a - 4*f = -4*a + 575. What is the tens digit of a?
1
Let y(m) = -m**3 + 9*m**2 - 2*m + 8. Let a(p) = 12*p - 28. Let j be a(5). Suppose 2*h + 3*o = -o - 4, -5*o - j = -2*h. What is the tens digit of y(h)?
0
Let o(j) = 849*j**2 - 13*j - 59. What is the hundreds digit of o(-3)?
6
Suppose 0 = 3*x - 15, -x + 5*x = -3*p + 26. Suppose r + 586 - 1680 = -4*m, 818 = 3*m + p*r. What is the hundreds digit of m?
2
Suppose 2*c = 10, -f + 369 + 1222 = c. What is the thousands digit of f?
1
Let y = 4050 - 1209. What is the units digit of y?
1
Let w = 15926 + 11508. What is the thousands digit of w?
7
Let n(k) = 7*k**2 + 3*k + 2. Suppose 0 = 5*o - 49 + 29. Suppose 0 = -z - 2*w, 6 + 6 = -o*z + 4*w. What is the tens digit of n(z)?
2
Suppose 7*d - 9 = -2*d. What is the units digit of (12/5)/(d/20)?
8
Let k = 101 - 97. Suppose k*t + 2*l = -0*t + 344, 0 = t + 2*l - 89. Suppose 4*b + t = 4*o + 1057, 1207 = 5*b + 3*o. What is the hundreds digit of b?
2
Let c = 8795 + 2894. What is the ten thousands digit of c?
1
Suppose -12630 = 26*j - 154330. What is the units digit of j?
0
Suppose 85*a + 46*a = 1309476. What is the hundreds digit of a?
9
Suppose 7*u - 3 = 8*u, -4*u = b - 828. Suppose 22*k = 15*k + b. What is the tens digit of k?
2
Let p(q) = -18 + 16*q + 79*q + 24*q. Let u be (-1)/(-1) + 5 + -4. What is the tens digit of p(u)?
2
Let r(o) = o**3 + 13*o**2 - 31*o - 14. Let k be r(-15). Let v(p) = 25*p. Let t(s) = 26*s. Let c(u) = -5*t(u) + 6*v(u). What is the units digit of c